What is -37 (base 10) in base 13?
-2b
Convert 4fc0 (base 16) to base 14.
7624
What is 16c9 (base 15) in base 2?
1001100110010
What is -100 (base 5) in base 7?
-34
Convert 2e65 (base 15) to base 3.
111201012
Convert -34538 (base 9) to base 14.
-8579
-2441 (base 7) to base 2
-1110001111
What is 1022020 (base 3) in base 5?
12301
What is -2102022 (base 3) in base 2?
-11011100011
What is 3021 (base 4) in base 10?
201
-521 (base 7) to base 5
-2020
What is -100001101 (base 2) in base 13?
-179
1397 (base 11) to base 5
24200
Convert 4970 (base 16) to base 4.
10211300
-214 (base 6) to base 15
-57
Convert 555 (base 7) to base 2.
100011101
What is -b202 (base 15) in base 11?
-26261
Convert 21121 (base 4) to base 13.
373
What is 7067 (base 10) in base 14?
280b
What is 5442 (base 9) in base 14?
1663
Convert -2000222110 (base 3) to base 6.
-505320
Convert -331 (base 5) to base 13.
-70
What is 2626 (base 7) in base 2?
1111101000
What is -100b (base 13) in base 4?
-202200
What is 1141331 (base 6) in base 2?
1110101000110111
219 (base 10) to base 8
333
Convert -32d (base 14) to base 16.
-275
486 (base 14) to base 9
1212
What is 212132 (base 4) in base 14?
c7c
What is -c2a (base 16) in base 3?
-11021100
What is 31025 (base 7) in base 8?
16615
-321 (base 6) to base 5
-441
-1251 (base 6) to base 3
-102211
Convert 11024 (base 5) to base 10.
764
What is 722 (base 9) in base 3?
210202
Convert -cc8 (base 15) to base 3.
-10221222
100022100 (base 3) to base 9
10270
Convert 12398 (base 10) to base 11.
9351
10455 (base 7) to base 8
5115
What is -276 (base 15) in base 10?
-561
Convert -15411 (base 11) to base 14.
-7d28
-11100011101 (base 2) to base 8
-3435
-17353 (base 9) to base 8
-27263
What is 43427 (base 9) in base 11?
1a694
-1401 (base 6) to base 8
-551
What is -7183 (base 11) in base 12?
-5621
What is 1443420 (base 5) in base 7?
156462
Convert 920 (base 14) to base 6.
12144
Convert 602 (base 8) to base 2.
110000010
What is -3003 (base 16) in base 7?
-50556
Convert -3297 (base 14) to base 9.
-13010
Convert -24151 (base 9) to base 11.
-11166
What is -201110 (base 3) in base 7?
-1350
Convert 358d (base 14) to base 16.
2479
Convert -331032 (base 4) to base 13.
-1a25
Convert -1001010111011101 (base 2) to base 7.
-216565
-24330 (base 5) to base 11
-1423
-c5d5 (base 14) to base 10
-34095
-27ee (base 16) to base 4
-2133232
Convert 495 (base 16) to base 14.
5db
What is 87 (base 14) in base 3?
11102
-1332422 (base 6) to base 12
-37112
Convert -622 (base 10) to base 9.
-761
-10046 (base 10) to base 4
-2130332
What is -3177 (base 8) in base 16?
-67f
Convert 1a5 (base 12) to base 2.
100001101
Convert -89a6 (base 11) to base 12.
-6a39
16045 (base 7) to base 4
1012030
What is -6c2 (base 13) in base 8?
-2224
c0d (base 16) to base 5
44320
Convert 2a5a9 (base 12) to base 15.
129d6
What is -554d (base 14) in base 5?
-433034
-385 (base 12) to base 5
-4113
11010110010111 (base 2) to base 3
200211010
Convert 72032 (base 8) to base 3.
1111202211
What is -13311233 (base 4) in base 5?
-2011421
111113 (base 5) to base 11
2a33
Convert 202 (base 7) to base 5.
400
131422 (base 5) to base 15
1842
Convert -214010 (base 6) to base 13.
-80ac
Convert 1101 (base 5) to base 7.
304
What is -3412212 (base 5) in base 14?
-17d99
Convert 24637 (base 8) to base 7.
43031
Convert -1397 (base 13) to base 8.
-5414
Convert 1715 (base 15) to base 5.
124340
Convert 3884 (base 11) to base 5.
130203
What is -5183 (base 9) in base 12?
-2249
Convert -17267 (base 10) to base 16.
-4373
What is -2030231 (base 4) in base 7?
-35153
Convert -10897 (base 11) to base 3.
-210120001
What is -123305 (base 6) in base 8?
-25571
What is 9e4 (base 15) in base 4?
202333
2063 (base 9) to base 15
6b0
Convert 2042231 (base 5) to base 9.
51651
-1200012 (base 3) to base 5
-14340
-10da (base 14) to base 8
-5570
-18b2 (base 15) to base 9
-7285
Convert -3605 (base 8) to base 4.
-132011
What is -111011001 (base 2) in base 12?
-335
-d9c (base 14) to base 10
-2686
22102 (base 3) to base 11
197
0 (base 16) to base 13
0
Convert -2bb (base 15) to base 10.
-626
323 (base 15) to base 14
388
What is 62307 (base 8) in base 12?
12b1b
113133 (base 5) to base 11
314a
-be (base 16) to base 5
-1230
2030 (base 11) to base 3
10200211
Convert -9480 (base 16) to base 15.
-b3e6
254 (base 15) to base 13
319
-2d5 (base 16) to base 13
-43a
Convert 2033 (base 4) to base 5.
1033
What is -21073 (base 8) in base 4?
-2020323
-114101 (base 5) to base 6
-31444
7633 (base 15) to base 11
17889
What is -2280 (base 11) in base 16?
-bb0
What is 84 (base 13) in base 3?
11000
What is -614 (base 8) in base 7?
-1104
Convert 26607 (base 8) to base 5.
333110
-5048 (base 16) to base 14
-76c0
What is 123b (base 12) in base 11?
1606
What is -12032 (base 4) in base 9?
-482
Convert 1001101010110 (base 2) to base 4.
1031112
Convert -365b (base 13) to base 11.
-5853
What is 1212011101 (base 3) in base 5?
2132233
Convert -3bb2 (base 14) to base 8.
-24460
What is 4c3 (base 14) in base 6?
4231
What is -1443 (base 9) in base 5?
-13332
-b345 (base 15) to base 10
-37865
4620 (base 15) to base 2
11101000100000
What is -1116 (base 7) in base 15?
-1c0
-2212 (base 5) to base 13
-1a8
-3347 (base 15) to base 5
-321432
Convert -63153 (base 8) to base 3.
-1022222002
What is 1211 (base 6) in base 4?
10213
2625 (base 10) to base 11
1a77
10100000001110 (base 2) to base 10
10254
What is 80360 (base 9) in base 7?
306615
11101000 (base 2) to base 11
1a1
Convert 1373 (base 9) to base 13.
61b
What is -203 (base 8) in base 5?
-1011
What is -100000100111101 (base 2) in base 12?
-97b9
-30321 (base 8) to base 2
-11000011010001
530a (base 11) to base 10
7028
What is -2021 (base 3) in base 7?
-115
101001100100001 (base 2) to base 5
1140111
Convert 317 (base 10) to base 3.
102202
What is 37b (base 13) in base 2?
1001100001
What is -405 (base 7) in base 2?
-11001001
What is -161 (base 16) in base 10?
-353
10451 (base 7) to base 10
2633
Convert 52e (base 16) to base 10.
1326
What is -101010200 (base 3) in base 6?
-54113
What is 24893 (base 13) in base 2?
10000011100110110
What is -515661 (base 7) in base 10?
-88488
664 (base 10) to base 2
1010011000
Convert -101100100010 (base 2) to base 16.
-b22
165017 (base 8) to base 14
17b9d
What is 1261 (base 7) in base 15?
224
What is -5895 (base 12) in base 8?
-23261
Convert -1030232 (base 4) to base 16.
-132e
Convert -13711 (base 14) to base 11.
-330a9
2a0 (base 12) to base 5
3113
Convert -132120 (base 4) to base 3.
-2200000
What is -3b7a (base 12) in base 8?
-15316
Convert -1c9 (base 15) to base 9.
-510
What is 7528 (base 9) in base 2?
1010110011110
1060 (base 7) to base 12
281
What is 1220300 (base 4) in base 9?
10168
-1001000001011 (base 2) to base 6
-33215
Convert 3772 (base 10) to base 11.
291a
Convert -101110001 (base 2) to base 16.
-171
1000010011 (base 2) to base 6
2243
Convert 729 (base 10) to base 5.
10404
-1021201012 (base 3) to base 11
-18014
What is 11922 (base 13) in base 5?
2013212
What is 10010100010 (base 2) in base 12?
82a
Convert 42639 (base 11) to base 14.
18842
-206 (base 16) to base 10
-518
What is 38ac (base 15) in base 2?
10111100110111
What is 5551 (base 7) in base 14?
a28
Convert 6c28 (base 14) to base 2.
100100110100100
2d2 (base 14) to base 2
1001000000
10001011001 (base 2) to base 8
2131
Convert -40a0 (base 14) to base 10.
-11116
What is -23 (base 6) in base 4?
-33
455 (base 9) to base 14
1ca
Convert -22033210 (base 4) to base 2.
-1010001111100100
Convert -121230 (base 5) to base 3.
-20021002
What is -11000 (base 3) in base 10?
-108
-33945 (base 11) to base 7
-263005
Convert -113 (base 4) to base 2.
-10111
1a8a (base 11) to base 5
41024
-2112022 (base 3) to base 11
-1427
Convert 70 (base 9) to base 3.
2100
-5165 (base 9) to base 4
-323021
53a (base 12) to base 2
1011111110
What is -16103 (base 7) in base 5?
-121021
-120 (base 9) to base 14
-71
-14dc (base 16) to base 14
-1d36
Convert -17ab (base 16) to base 2.
-1011110101011
Convert -1255 (base 11) to base 13.
-988
What is 3a1f (base 16) in base 7?
61244
Convert -36143 (base 7) to base 9.
-13728
What is 221 (base 15) in base 5?
3411
-315 (base 9) to base 2
-100000001
-c95 (base 13) to base 7
-6161
What is -a59 (base 15) in base 13?
-10a7
Convert -3b3 (base 12) to base 9.
-700
13312 (base 5) to b